ns digit of g?
3
What is the units digit of ((-15657)/2)/((-214)/428)?
7
Let p(c) be the first derivative of -18*c**2 - 33*c + 65. What is the tens digit of p(-17)?
7
Let b be 17/(-34) - (-2 - (-59)/2). Let i = 30 + b. What is the tens digit of 3/i*1272/9?
1
Let i(v) = 20 - 70 + 1756*v - 1845*v. What is the hundreds digit of i(-6)?
4
Suppose -2*a = -4*a + 2*u + 186, 4*a - 3*u - 376 = 0. Suppose -3*j = -a - 134. What is the tens digit of j?
7
Let s = 5926 + -871. What is the tens digit of s?
5
Suppose 3*y = -2*j + 21715, 7*y = 8*y + 3*j - 7250. What is the tens digit of y?
3
Let w = -145 - -344. Suppose 0 = 4*s - w - 553. What is the units digit of s?
8
Suppose 0*c = -5*x + 2*c + 49, 5*c + 18 = 3*x. Let l be (-8)/3*(x - -22). What is the tens digit of (l/(-4))/((-2)/(-10))?
1
What is the units digit of (-1677056)/(-3072) + (-1)/(-12)?
6
Let k = 10620 - 6648. What is the tens digit of k?
7
Suppose 3*d - 4*h - 3368 = 0, -703*h = -704*h + 1. What is the units digit of d?
4
Suppose 2*d = -4*f + 161452, 137 = -4*d + 113. What is the units digit of f?
6
Let i(d) = d**2 - 172*d + 1189. What is the thousands digit of i(-93)?
5
Let c = -30 + 31. Let q(o) = 16*o - 3. Let t be q(c). Suppose 18*k = 19*k - t. What is the tens digit of k?
1
Suppose -5*r = -3*p - 143340 - 56280, 0 = 4*r - 5*p - 159683. What is the ten thousands digit of r?
3
Suppose 6*t - 170 = -14. Let z be 17/(91/t + 1*-3). Suppose -4*h = -2*o + 110, 254 = 4*o + 4*h + z. What is the units digit of o?
5
Let y(r) = 84*r**2 + 160*r + 7. What is the hundreds digit of y(16)?
0
Let i(n) be the second derivative of 5*n**5/12 + 5*n**4/24 + 10*n**3/3 + 5*n. Let f(p) be the second derivative of i(p). What is the tens digit of f(1)?
5
What is the units digit of 3/4 + (-6 - 243003/(-12))?
5
Suppose 0 = -3*a + 2*l + 10133, 5*l - 2143 - 1229 = -a. What is the tens digit of a?
7
Let x(s) = 3279*s + 9544. What is the ten thousands digit of x(17)?
6
Suppose 3*z + 2*m + 12 - 18 = 0, 3*z + 4*m = 6. Suppose -t - 86 = -3*d, z*t + 0*t + 56 = 2*d. What is the units digit of d?
9
Let x(g) = -g**3 - 10*g**2 - 8*g + 18. Let h be x(-9). Suppose 41*o = 38*o + h. Suppose -2*d - 4*k = -136, 2*d - d = -o*k + 66. What is the tens digit of d?
7
Let c(u) = u**2 + 6*u - 3. Let s be c(-7). Suppose 0 = -5*z - 5*f + f + 5, s*z + 5*f = 13. Let h(o) = -75*o + 29. What is the hundreds digit of h(z)?
2
Suppose 61549 - 180174 + 812961 = 38*x. What is the units digit of x?
2
What is the hundreds digit of (-392)/(-980)*-1*(-561 + 1)?
2
Suppose -2*u + 10000 = 18*y - 21*y, 0 = 4*u + 2*y - 20032. What is the hundreds digit of u?
0
Let d = -2948 - -5808. What is the thousands digit of d?
2
Let p = -27 + -80. Let q = 92 - p. What is the tens digit of q?
9
Let p = 173 + -203. Let s(m) = -m**3 - 28*m**2 + 39*m - 91. What is the hundreds digit of s(p)?
5
Let x(h) = 5052*h**2 + 6*h - 15. Let f be x(5). What is the tens digit of 4/(-7) - f/(-245)?
1
Let z(g) = -244*g**3 + 4*g**2 - 21*g - 41. What is the units digit of z(-5)?
4
Suppose -182*p + 187*p = -5*q + 63265, 2*q = -3*p + 37955. What is the hundreds digit of p?
6
Let c(t) = -t**2 + 14*t + 4. Let i be c(14). Suppose -3*u - 5 = -3*q + i, 0 = q - 3*u - 1. What is the hundreds digit of q/14 - (-9345)/49?
1
Suppose 4*m + 192 = -3*g + 64, -2*g - 5*m = 83. Let o = g + 44. Suppose -5*p - 4*l = -368, -p - 5*l = -o*p - 82. What is the units digit of p?
2
Suppose s = 3*i + 6*s - 2, -3*i = 2*s - 8. Let t be i + 0 + -5 + 1. Suppose -3*r = -2*a - 145, 3*r + 2*r - 2*a - 239 = t. What is the tens digit of r?
4
Suppose -35*p + 37*p = -6, -3*x + 5*p + 120576 = 0. What is the ten thousands digit of x?
4
Suppose -2*w + 445 = -m, -15*m = 3*w - 16*m - 667. Suppose 4207 = 5*k + u, -5*k + 4435 = -u + w. What is the units digit of k?
2
Suppose -5870 = -10*f + 2790. Let u = f + -271. Suppose u = -8*q + 15*q. What is the tens digit of q?
8
Suppose -a + 468 - 126 = 0. Let i = a + -222. Suppose -i = -5*v + 525. What is the hundreds digit of v?
1
Let l be ((-756)/35)/9*-375. Suppose -6*i = -l - 690. What is the units digit of i?
5
Let i be 1 - -25784 - (1 - -1). Let h = i + -36143. What is the hundreds digit of (-6)/(-51) - h/85?
1
Let j(k) = 204*k**2 - 84*k + 743. What is the thousands digit of j(8)?
3
Let d be ((-4)/(-8) - 1)*(23 + -1). Let t(i) = 5*i**2 - 5*i - 5*i - 3*i - 8 - i**3 - 17*i**2. What is the tens digit of t(d)?
1
Suppose -9*p + 11*p + 590 = 0. Let c = p - -683. What is the units digit of c?
8
Let j = -12656 - -18647. What is the hundreds digit of j?
9
Let m(k) be the third derivative of -317*k**4/24 - k**3/6 + 20*k**2. What is the hundreds digit of m(-1)?
3
Let v(b) = 98*b + 134. Let o be v(11). What is the units digit of (0 - o/(-8)) + 8/16?
2
Let x be 20/3*12/(-8). Let v = 23 + x. Suppose -3*d + 38 = -v. What is the tens digit of d?
1
Let i be 0 - (-1)/((-5)/595). Let u = i - -125. What is the units digit of 20 + -4 + 1/((-2)/u)?
3
Let k(f) be the third derivative of 0*f - 2/3*f**3 + 19/60*f**5 + 3/8*f**4 - 22*f**2 + 0. What is the units digit of k(-3)?
0
Let r(c) = -c**2 + 28*c + 2. Let w be ((-5)/5)/((-16)/(-12) + -1). Let m be 40/(-3)*-1*w/(-2). What is the units digit of r(m)?
2
Let f(j) = -2*j**3 + 140*j**2 + 129*j - 4. What is the tens digit of f(63)?
8
Let g(n) = -1179*n + 1538. What is the thousands digit of g(-8)?
0
Suppose -5*n + 18913 + 6554 = 3*u, 3*u - 25440 = 4*n. Suppose 0 = -5*p + u - 2409. What is the tens digit of p?
1
Suppose 7255 = 186*z - 185*z. What is the thousands digit of z?
7
Let t(i) = -27*i**3 + 3*i**2 - 4*i - 6. Let k be t(-3). Let o = -474 + k. Suppose -4*d + o = 3*j, -2*d - j = 2*d - 280. What is the units digit of d?
9
Let i(w) = 8*w - 252. Let m be i(45). Suppose -5*r + 502 + m = 0. What is the units digit of r?
2
Let n = -1989 + 5280. What is the tens digit of n?
9
Let t(j) = -j**3 - 22*j**2 - 30*j - 152. Let c be t(-21). Suppose 36*x + 664 = c*x. What is the tens digit of x?
6
Suppose w = 8*l - 4*l - 22678, 2*l - 11414 = 38*w. What is the hundreds digit of l?
6
Let s(v) = 3301*v**2 + 21*v + 10. What is the ten thousands digit of s(2)?
1
Suppose 4*p + 41 = -2*f + 7*f, 4*f - 24 = p. Suppose -5*s = 20, -f*w - 8*s + 2532 = -6*s. What is the hundreds digit of w?
5
Suppose 4 = 2*s - 204*q + 205*q, -2*s + 24 = -4*q. Let d = 2 - -9. What is the units digit of s + d/(55/300)?
4
Let p = 825 - 833. What is the thousands digit of ((-13113)/(-4))/3 + (-2)/p?
1
Let b = 283 - 12. Let g = 309 - b. What is the units digit of g?
8
Suppose -72*q + 81115 = -249869. What is the units digit of q?
7
Suppose 4*d - 3 = -31. What is the tens digit of ((-32517)/d)/3 - (-60)/(-140)?
4
Let k = 126501 - 79819. What is the tens digit of k?
8
Let m be 4/((-8)/12*-2). Let l(c) = -16 + 59 - c - c**2 + m*c + 65. What is the tens digit of l(0)?
0
Let m = -37773 - -58349. What is the thousands digit of m?
0
Suppose 0 = -2*h + 3*b + 364, 4*h - 890 + 162 = -3*b. Suppose 0 = -3*c + 1924 + h. What is the hundreds digit of c?
7
Let o(n) = 3*n**2 + 52*n + 141. What is the ten thousands digit of o(-79)?
1
Let u(z) be the third derivative of -z**5/60 + 19*z**4/24 + 19*z**3/6 - 202*z**2. Let c(p) = 16*p**3 + p. Let w be c(1). What is the units digit of u(w)?
3
Suppose -41*f + 9312 = -38*f. Suppose -f - 1276 = -10*v. What is the tens digit of v?
3
Suppose 40820 = 10*w + 3*w. Suppose w = 12*g - 8*g. Suppose g = 6*n - 253. What is the tens digit of n?
7
Suppose 2*f - 2*i = -2*f + 22, -2*f - 3*i + 23 = 0. Let x = f + -7. Suppose -5*q + u + 325 = x, 0*q = -3*q + 3*u + 183. What is the units digit of q?
6
Let q(x) = -4*x. Let t be q(3). Let s(d) = 25*d - 12. Let b(p) = -7*p. Let k(m) = 5*b(m) + s(m). What is the hundreds digit of k(t)?
1
Let r = -19 - -28. What is the units digit of (-616)/(-1) + 16/36*r?
0
Let y = -107 - -110. Suppose p + 606 = y*p. What is the hundreds digit of p?
3
Let z = 53 - 49. Suppose -p + 2*x + 198 = 4*x, -z*p = 4*x - 808. Let m = 299 - p. What is the tens digit of m?
9
Let a = -13287 - -28565. What is the units digit of a?
8
Let l(h) = 78*h**3 - h**2 + h - 1. Suppose 4*r = 5*n - 36 - 68, -2*n - 5*r = -35. Let c be 28/n - (-4)/(-10). What is the tens digit of l(c)?
7
Suppose d - w - 1282 = 0, -w - 4*w = -d + 1290. Suppose 0 = i - 3*m - m - 272, 0 = -5*i + 4*m + d. Suppose -7*z + i + 371